{"id":14,"date":"2019-11-07T13:00:48","date_gmt":"2019-11-07T13:00:48","guid":{"rendered":"https:\/\/www.solecol.ch\/wp\/?page_id=14"},"modified":"2024-01-20T15:42:16","modified_gmt":"2024-01-20T15:42:16","slug":"gratitude","status":"publish","type":"page","link":"https:\/\/www.solecol.ch\/?page_id=14","title":{"rendered":"Gratitude"},"content":{"rendered":"\t\t<div data-elementor-type=\"wp-page\" data-elementor-id=\"14\" class=\"elementor elementor-14\">\n\t\t\t\t\t\t\t\t\t<section class=\"elementor-section elementor-top-section elementor-element elementor-element-1ddefbb elementor-section-stretched elementor-section-full_width elementor-section-height-default elementor-section-height-default\" data-id=\"1ddefbb\" data-element_type=\"section\" data-settings=\"{&quot;stretch_section&quot;:&quot;section-stretched&quot;,&quot;background_background&quot;:&quot;video&quot;,&quot;background_play_on_mobile&quot;:&quot;yes&quot;}\">\n\t\t\t\t\t\t<div class=\"elementor-container elementor-column-gap-default\">\n\t\t\t\t\t<div class=\"elementor-column elementor-col-100 elementor-top-column elementor-element elementor-element-dae7873\" data-id=\"dae7873\" data-element_type=\"column\">\n\t\t\t<div class=\"elementor-widget-wrap elementor-element-populated\">\n\t\t\t\t\t\t\t\t<div class=\"elementor-element elementor-element-94c9358 elementor-widget elementor-widget-text-editor\" data-id=\"94c9358\" data-element_type=\"widget\" data-widget_type=\"text-editor.default\">\n\t\t\t\t<div class=\"elementor-widget-container\">\n\t\t\t\t\t\t\t<section>\n<div>\n<div>\n<div>\n<h1 style=\"text-align: center;\"><strong>Gratitude &#8211; T\u00e9moignages<\/strong><\/h1>\n<p>Les \u00e9tudiantes ayant termin\u00e9 leur formation, (et certaines brillamment) peuvent aujourd\u2019hui dans&nbsp;<span style=\"font-size: 20px; background-color: transparent;\">leur propre pays s\u2019investir dans le monde du travail. Nous sommes fiers de leur accomplissement. Elles&nbsp;<\/span><span style=\"font-size: 20px; background-color: transparent;\">expriment avec joie, \u00e9motion et reconnaissance toute leur gratitude pour l\u2019aide re\u00e7ue de l\u2019association&nbsp;<\/span><span style=\"font-size: 20px; background-color: transparent;\">qui leur a permis de s\u2019\u00e9lever dans la soci\u00e9t\u00e9 congolaise.<\/span><\/p>\n<p>Avec simplicit\u00e9, elles vous disent MERCI.<\/p>\n<\/div>\n<\/div>\n<\/div>\n<\/section>\t\t\t\t\t\t<\/div>\n\t\t\t\t<\/div>\n\t\t\t\t\t<\/div>\n\t\t<\/div>\n\t\t\t\t\t\t\t<\/div>\n\t\t<\/section>\n\t\t\t\t<section class=\"elementor-section elementor-top-section elementor-element elementor-element-4aa45bc elementor-section-boxed elementor-section-height-default elementor-section-height-default\" data-id=\"4aa45bc\" data-element_type=\"section\">\n\t\t\t\t\t\t<div class=\"elementor-container elementor-column-gap-default\">\n\t\t\t\t\t<div class=\"elementor-column elementor-col-100 elementor-top-column elementor-element elementor-element-4545be5\" data-id=\"4545be5\" data-element_type=\"column\">\n\t\t\t<div class=\"elementor-widget-wrap elementor-element-populated\">\n\t\t\t\t\t\t\t\t<div class=\"elementor-element elementor-element-9b4e8a0 elementor-widget elementor-widget-video\" data-id=\"9b4e8a0\" data-element_type=\"widget\" data-settings=\"{&quot;youtube_url&quot;:&quot;https:\\\/\\\/www.youtube.com\\\/watch?v=TIvX1amby5U&quot;,&quot;video_type&quot;:&quot;youtube&quot;,&quot;controls&quot;:&quot;yes&quot;}\" data-widget_type=\"video.default\">\n\t\t\t\t<div class=\"elementor-widget-container\">\n\t\t\t\t\t<div class=\"elementor-wrapper elementor-open-inline\">\n\t\t\t<div class=\"elementor-video\"><\/div>\t\t<\/div>\n\t\t\t\t<\/div>\n\t\t\t\t<\/div>\n\t\t\t\t\t<\/div>\n\t\t<\/div>\n\t\t\t\t\t\t\t<\/div>\n\t\t<\/section>\n\t\t\t\t\t\t\t<\/div>\n\t\t","protected":false},"excerpt":{"rendered":"<p>Gratitude &#8211; T\u00e9moignages Les \u00e9tudiantes ayant termin\u00e9 leur formation, (et certaines brillamment) peuvent aujourd\u2019hui dans&nbsp;leur propre pays s\u2019investir dans le monde du travail. Nous sommes fiers de leur accomplissement. Elles&nbsp;expriment avec joie, \u00e9motion et reconnaissance toute leur gratitude pour l\u2019aide re\u00e7ue de l\u2019association&nbsp;qui leur a permis de s\u2019\u00e9lever dans la soci\u00e9t\u00e9 congolaise. Avec simplicit\u00e9, elles [&hellip;]<\/p>\n","protected":false},"author":1,"featured_media":0,"parent":0,"menu_order":0,"comment_status":"closed","ping_status":"closed","template":"","meta":{"footnotes":""},"class_list":["post-14","page","type-page","status-publish","hentry","entry"],"_links":{"self":[{"href":"https:\/\/www.solecol.ch\/index.php?rest_route=\/wp\/v2\/pages\/14","targetHints":{"allow":["GET"]}}],"collection":[{"href":"https:\/\/www.solecol.ch\/index.php?rest_route=\/wp\/v2\/pages"}],"about":[{"href":"https:\/\/www.solecol.ch\/index.php?rest_route=\/wp\/v2\/types\/page"}],"author":[{"embeddable":true,"href":"https:\/\/www.solecol.ch\/index.php?rest_route=\/wp\/v2\/users\/1"}],"replies":[{"embeddable":true,"href":"https:\/\/www.solecol.ch\/index.php?rest_route=%2Fwp%2Fv2%2Fcomments&post=14"}],"version-history":[{"count":38,"href":"https:\/\/www.solecol.ch\/index.php?rest_route=\/wp\/v2\/pages\/14\/revisions"}],"predecessor-version":[{"id":1152,"href":"https:\/\/www.solecol.ch\/index.php?rest_route=\/wp\/v2\/pages\/14\/revisions\/1152"}],"wp:attachment":[{"href":"https:\/\/www.solecol.ch\/index.php?rest_route=%2Fwp%2Fv2%2Fmedia&parent=14"}],"curies":[{"name":"wp","href":"https:\/\/api.w.org\/{rel}","templated":true}]}}